{"id":896,"date":"2020-02-19T10:00:54","date_gmt":"2020-02-19T10:00:54","guid":{"rendered":"https:\/\/exclusive-team.com\/?page_id=896"},"modified":"2020-04-05T14:48:54","modified_gmt":"2020-04-05T14:48:54","slug":"dy-modulet","status":"publish","type":"page","link":"https:\/\/exclusive-team.com\/index.php\/dy-modulet\/","title":{"rendered":"Kush Jemi Ne &#8211; Exclusive Sot"},"content":{"rendered":"<p>[et_pb_section fb_built=&#8221;1&#8243; admin_label=&#8221;Next Kosova History&#8221; _builder_version=&#8221;4.4.1&#8243; background_color=&#8221;rgba(0,0,0,0.86)&#8221; background_image=&#8221;https:\/\/exclusive-team.com\/wp-content\/uploads\/2020\/03\/next-alb-story-1.jpg&#8221; background_blend=&#8221;color&#8221; custom_padding=&#8221;2.2%||2.2%||true|false&#8221; border_width_top=&#8221;25px&#8221; border_color_top=&#8221;rgba(0,0,0,0.58)&#8221; border_width_bottom=&#8221;25px&#8221; border_color_bottom=&#8221;rgba(0,0,0,0.58)&#8221;][et_pb_row _builder_version=&#8221;4.4.1&#8243; max_width=&#8221;1500px&#8221;][et_pb_column type=&#8221;4_4&#8243; _builder_version=&#8221;4.4.1&#8243;][et_pb_text _builder_version=&#8221;4.4.1&#8243; text_font=&#8221;Open Sans|700|||||||&#8221; text_text_color=&#8221;#aaaaaa&#8221; text_font_size=&#8221;13px&#8221; text_letter_spacing=&#8221;7px&#8221; text_orientation=&#8221;center&#8221; custom_margin=&#8221;||0px||false|false&#8221;]<\/p>\n<p>HISTORIA<\/p>\n<p>[\/et_pb_text][\/et_pb_column][\/et_pb_row][et_pb_row column_structure=&#8221;1_2,1_2&#8243; _builder_version=&#8221;4.4.1&#8243; max_width=&#8221;1500px&#8221; custom_padding=&#8221;||0px||false|false&#8221;][et_pb_column type=&#8221;1_2&#8243; _builder_version=&#8221;4.4.1&#8243;][et_pb_cta _builder_version=&#8221;4.4.1&#8243; header_level=&#8221;h1&#8243; header_font=&#8221;Open Sans|800|||||||&#8221; header_text_align=&#8221;center&#8221; header_text_color=&#8221;#e02b20&#8243; body_font=&#8221;Arial||||||||&#8221; body_text_color=&#8221;#aaaaaa&#8221; body_line_height=&#8221;2em&#8221; background_enable_color=&#8221;off&#8221; text_orientation=&#8221;left&#8221; background_layout=&#8221;light&#8221; custom_margin=&#8221;||||false|false&#8221; custom_padding=&#8221;||||false|false&#8221; motion_trigger_start=&#8221;top&#8221;]<\/p>\n<h1 style=\"font-weight: bold; font-size: 55px; color: #fff;\">Kush Jemi<span style=\"color: #e02b20;\"> Ne<\/span><\/h1>\n<p>Fole e kualitetit dhe e distribuimit t\u00eb brendeve bot\u00ebrore si: Schwarzkopf, Schauma, Palette,Syoss, Fa, Taft, Gliss, Vademecum, Prestige, e shum\u00eb brende t\u00eb tjera.<\/p>\n<p>Kompania Exclusive Group u themelua n\u00eb vitin 1989 n\u00eb Prishtin\u00eb, si nj\u00eb distributor i brendeve t\u00eb ndryshme.<br \/> Fal\u00eb pun\u00ebs s\u00eb palodh\u00ebshme, Exclusive Group fiton partneritetin e kompanive me renome bot\u00ebrore siq jan\u00eb Henkel, Unilever, Prestige, e shum\u00eb t\u00eb tjera.<\/p>\n<p>Aktualisht Exclusive Group b\u00ebn\u00eb pjes\u00eb n\u00eb grupin e kompanive lidere t\u00eb distribuimit dhe shitjes n\u00eb vendin ton\u00eb.<br \/> Sot biznesi yn\u00eb shtrihet n\u00eb dy tregje shqip\u00ebtare, at\u00eb t\u00eb Republik\u00ebs s\u00eb Kosov\u00ebs, dhe at\u00eb t\u00eb Republik\u00ebs s\u00eb Shqip\u00ebris\u00eb, me partneritet lokal.<\/p>\n<p>Exclusive Albania n\u00eb tregun e Republik\u00ebs s\u00eb Shqip\u00ebris\u00eb operon q\u00eb nga viti 2009, ku \u00ebsht\u00eb distributor ekskluziv i markave t\u00eb fam\u00ebshme bot\u00ebrore si Henkel &amp; Schwarzkopf.<\/p>\n<p><span style=\"color: #e02b20; font-weight: bold;\">Lexo m\u00eb shum\u00eb<\/span><\/p>\n<p>[\/et_pb_cta][\/et_pb_column][et_pb_column type=&#8221;1_2&#8243; _builder_version=&#8221;4.4.1&#8243; custom_padding=&#8221;0px||0px||true|false&#8221;][et_pb_image src=&#8221;https:\/\/exclusive-team.com\/wp-content\/uploads\/2020\/04\/KushJemiNe-1-06.jpg&#8221; show_in_lightbox=&#8221;on&#8221; _builder_version=&#8221;4.4.1&#8243; transform_rotate=&#8221;0deg|0deg|338deg&#8221; positioning=&#8221;absolute&#8221; vertical_offset=&#8221;164px&#8221; horizontal_offset=&#8221;56px&#8221; width=&#8221;25%&#8221; border_width_all=&#8221;2px&#8221; border_color_all=&#8221;#ffffff&#8221; transform_styles__hover_enabled=&#8221;on|hover&#8221; transform_scale__hover_enabled=&#8221;on|hover&#8221; transform_translate__hover_enabled=&#8221;on|desktop&#8221; transform_rotate__hover_enabled=&#8221;on|desktop&#8221; transform_skew__hover_enabled=&#8221;on|desktop&#8221; transform_origin__hover_enabled=&#8221;on|desktop&#8221; transform_scale__hover=&#8221;110%|110%&#8221;][\/et_pb_image][et_pb_image src=&#8221;https:\/\/exclusive-team.com\/wp-content\/uploads\/2020\/04\/KushJemiNe-1-02.jpg&#8221; show_in_lightbox=&#8221;on&#8221; _builder_version=&#8221;4.4.1&#8243; positioning=&#8221;absolute&#8221; vertical_offset=&#8221;57px&#8221; horizontal_offset=&#8221;234px&#8221; width=&#8221;25%&#8221; border_width_all=&#8221;2px&#8221; border_color_all=&#8221;#ffffff&#8221; transform_styles__hover_enabled=&#8221;on|hover&#8221; transform_scale__hover_enabled=&#8221;on|hover&#8221; transform_translate__hover_enabled=&#8221;on|desktop&#8221; transform_rotate__hover_enabled=&#8221;on|desktop&#8221; transform_skew__hover_enabled=&#8221;on|desktop&#8221; transform_origin__hover_enabled=&#8221;on|desktop&#8221; transform_scale__hover=&#8221;110%|110%&#8221;][\/et_pb_image][et_pb_image src=&#8221;https:\/\/exclusive-team.com\/wp-content\/uploads\/2020\/04\/KushJemiNe-1-01.jpg&#8221; show_in_lightbox=&#8221;on&#8221; _builder_version=&#8221;4.4.1&#8243; transform_rotate=&#8221;0deg|0deg|13deg&#8221; positioning=&#8221;absolute&#8221; vertical_offset=&#8221;214px&#8221; horizontal_offset=&#8221;224px&#8221; width=&#8221;25%&#8221; border_width_all=&#8221;2px&#8221; border_color_all=&#8221;#ffffff&#8221; transform_styles__hover_enabled=&#8221;on|hover&#8221; transform_scale__hover_enabled=&#8221;on|hover&#8221; transform_translate__hover_enabled=&#8221;on|desktop&#8221; transform_rotate__hover_enabled=&#8221;on|desktop&#8221; transform_skew__hover_enabled=&#8221;on|desktop&#8221; transform_origin__hover_enabled=&#8221;on|desktop&#8221; transform_scale__hover=&#8221;110%|110%&#8221;][\/et_pb_image][et_pb_image src=&#8221;https:\/\/exclusive-team.com\/wp-content\/uploads\/2020\/04\/KushJemiNe-1-04.jpg&#8221; show_in_lightbox=&#8221;on&#8221; _builder_version=&#8221;4.4.1&#8243; transform_rotate=&#8221;0deg|0deg|350deg&#8221; positioning=&#8221;absolute&#8221; vertical_offset=&#8221;388px&#8221; horizontal_offset=&#8221;287px&#8221; width=&#8221;25%&#8221; border_width_all=&#8221;2px&#8221; border_color_all=&#8221;#ffffff&#8221; transform_styles__hover_enabled=&#8221;on|hover&#8221; transform_scale__hover_enabled=&#8221;on|hover&#8221; transform_translate__hover_enabled=&#8221;on|desktop&#8221; transform_rotate__hover_enabled=&#8221;on|desktop&#8221; transform_skew__hover_enabled=&#8221;on|desktop&#8221; transform_origin__hover_enabled=&#8221;on|desktop&#8221; transform_scale__hover=&#8221;110%|110%&#8221;][\/et_pb_image][et_pb_image src=&#8221;https:\/\/exclusive-team.com\/wp-content\/uploads\/2020\/04\/KushJemiNe-1-03.jpg&#8221; show_in_lightbox=&#8221;on&#8221; _builder_version=&#8221;4.4.1&#8243; transform_rotate=&#8221;0deg|0deg|33deg&#8221; positioning=&#8221;absolute&#8221; vertical_offset=&#8221;355px&#8221; horizontal_offset=&#8221;82px&#8221; width=&#8221;25%&#8221; border_width_all=&#8221;2px&#8221; border_color_all=&#8221;#ffffff&#8221; transform_styles__hover_enabled=&#8221;on|hover&#8221; transform_scale__hover_enabled=&#8221;on|hover&#8221; transform_translate__hover_enabled=&#8221;on|desktop&#8221; transform_rotate__hover_enabled=&#8221;on|desktop&#8221; transform_skew__hover_enabled=&#8221;on|desktop&#8221; transform_origin__hover_enabled=&#8221;on|desktop&#8221; transform_scale__hover=&#8221;110%|110%&#8221;][\/et_pb_image][et_pb_image src=&#8221;https:\/\/exclusive-team.com\/wp-content\/uploads\/2020\/04\/KushJemiNe-1-05.jpg&#8221; show_in_lightbox=&#8221;on&#8221; _builder_version=&#8221;4.4.1&#8243; transform_rotate=&#8221;0deg|0deg|343deg&#8221; positioning=&#8221;absolute&#8221; position_origin_a=&#8221;bottom_left&#8221; vertical_offset=&#8221;-384px&#8221; horizontal_offset=&#8221;406px&#8221; width=&#8221;26%&#8221; border_width_all=&#8221;2px&#8221; border_color_all=&#8221;#ffffff&#8221; transform_styles__hover_enabled=&#8221;on|hover&#8221; transform_scale__hover_enabled=&#8221;on|hover&#8221; transform_translate__hover_enabled=&#8221;on|desktop&#8221; transform_rotate__hover_enabled=&#8221;on|desktop&#8221; transform_skew__hover_enabled=&#8221;on|desktop&#8221; transform_origin__hover_enabled=&#8221;on|desktop&#8221; transform_scale__hover=&#8221;110%|110%&#8221;][\/et_pb_image][\/et_pb_column][\/et_pb_row][\/et_pb_section][et_pb_section fb_built=&#8221;1&#8243; _builder_version=&#8221;4.4.1&#8243; background_color=&#8221;#2b2b2b&#8221; background_image=&#8221;https:\/\/exclusive-team.com\/wp-content\/uploads\/2020\/03\/map-22.png&#8221; custom_padding=&#8221;1px||0px|||&#8221;][et_pb_row _builder_version=&#8221;4.4.1&#8243; max_width=&#8221;1500px&#8221;][et_pb_column type=&#8221;4_4&#8243; _builder_version=&#8221;4.4.1&#8243;][et_pb_text _builder_version=&#8221;4.4.1&#8243; text_font=&#8221;Open Sans|700|||||||&#8221; text_text_color=&#8221;#aaaaaa&#8221; text_font_size=&#8221;13px&#8221; text_letter_spacing=&#8221;7px&#8221; text_orientation=&#8221;center&#8221; custom_margin=&#8221;47px||0px||false|false&#8221;]<\/p>\n<p>EXCLUSIVE SOT<\/p>\n<p>[\/et_pb_text][\/et_pb_column][\/et_pb_row][et_pb_row column_structure=&#8221;1_2,1_2&#8243; _builder_version=&#8221;4.4.1&#8243; parallax=&#8221;on&#8221; width=&#8221;100%&#8221; max_width=&#8221;100%&#8221; custom_padding=&#8221;30px||30px|||&#8221;][et_pb_column type=&#8221;1_2&#8243; _builder_version=&#8221;4.4.1&#8243; background_enable_color=&#8221;off&#8221; background_enable_image=&#8221;off&#8221;][et_pb_image src=&#8221;https:\/\/exclusive-team.com\/wp-content\/uploads\/2020\/04\/ExclusiveGroupSot1-02.jpg&#8221; show_in_lightbox=&#8221;on&#8221; align=&#8221;center&#8221; _builder_version=&#8221;4.4.1&#8243; transform_rotate=&#8221;0deg|0deg|357deg&#8221; positioning=&#8221;absolute&#8221; vertical_offset=&#8221;53px&#8221; horizontal_offset=&#8221;196px&#8221; width=&#8221;30%&#8221; border_width_all=&#8221;2px&#8221; border_color_all=&#8221;#ffffff&#8221; transform_styles__hover_enabled=&#8221;on|hover&#8221; transform_scale__hover_enabled=&#8221;on|hover&#8221; transform_translate__hover_enabled=&#8221;on|desktop&#8221; transform_rotate__hover_enabled=&#8221;on|desktop&#8221; transform_skew__hover_enabled=&#8221;on|desktop&#8221; transform_origin__hover_enabled=&#8221;on|desktop&#8221; transform_scale__hover=&#8221;110%|110%&#8221;][\/et_pb_image][et_pb_image src=&#8221;https:\/\/exclusive-team.com\/wp-content\/uploads\/2020\/04\/ExclusiveGroupSot1-01.jpg&#8221; show_in_lightbox=&#8221;on&#8221; align=&#8221;center&#8221; _builder_version=&#8221;4.4.1&#8243; transform_rotate=&#8221;0deg|0deg|357deg&#8221; positioning=&#8221;absolute&#8221; vertical_offset=&#8221;38px&#8221; horizontal_offset=&#8221;516px&#8221; width=&#8221;30%&#8221; border_width_all=&#8221;2px&#8221; border_color_all=&#8221;#ffffff&#8221;][\/et_pb_image][et_pb_image src=&#8221;https:\/\/exclusive-team.com\/wp-content\/uploads\/2020\/04\/ExclusiveGroupSot1-03.jpg&#8221; show_in_lightbox=&#8221;on&#8221; _builder_version=&#8221;4.4.1&#8243; transform_rotate=&#8221;0deg|0deg|357deg&#8221; positioning=&#8221;absolute&#8221; vertical_offset=&#8221;271px&#8221; horizontal_offset=&#8221;606px&#8221; width=&#8221;30%&#8221; border_width_all=&#8221;2px&#8221; border_color_all=&#8221;#ffffff&#8221;][\/et_pb_image][et_pb_image src=&#8221;https:\/\/exclusive-team.com\/wp-content\/uploads\/2020\/04\/ExclusiveGroupSot1-04.jpg&#8221; show_in_lightbox=&#8221;on&#8221; _builder_version=&#8221;4.4.1&#8243; transform_rotate=&#8221;0deg|0deg|357deg&#8221; positioning=&#8221;absolute&#8221; vertical_offset=&#8221;290px&#8221; horizontal_offset=&#8221;286px&#8221; width=&#8221;30%&#8221;][\/et_pb_image][\/et_pb_column][et_pb_column type=&#8221;1_2&#8243; _builder_version=&#8221;4.4.1&#8243; background_enable_image=&#8221;off&#8221; custom_padding=&#8221;||||false|false&#8221; border_color_left=&#8221;#ffffff&#8221;][et_pb_cta _builder_version=&#8221;4.4.1&#8243; header_level=&#8221;h1&#8243; header_font=&#8221;Open Sans|800|||||||&#8221; header_text_align=&#8221;center&#8221; header_text_color=&#8221;#e02b20&#8243; body_text_color=&#8221;#aaaaaa&#8221; body_line_height=&#8221;2em&#8221; background_enable_color=&#8221;off&#8221; text_orientation=&#8221;left&#8221; background_layout=&#8221;light&#8221; custom_margin=&#8221;||||false|false&#8221; custom_padding=&#8221;|15%||5%|false|false&#8221; motion_trigger_start=&#8221;top&#8221;]<\/p>\n<h1 style=\"font-weight: bold; font-size: 54px; color: #fff;\">Exclusive Group\u00a0<span style=\"color: #e02b20;\">Sot&#8230;<\/span><\/h1>\n<p>&nbsp;<\/p>\n<p>Exclusive Group sot posedon 6 kompani t\u00eb cilat funksionojn n\u00eb m\u00ebnyr\u00eb t\u00eb pavarur, ku t\u00eb gjitha s\u00eb bashku num\u00ebrojn\u00eb m\u00eb se 650 pun\u00ebtor.<\/p>\n<p>Biznesi yn\u00eb operon me sukses t\u00eb plot\u00eb n\u00eb dy shtete, n\u00eb Republik\u00ebn e Kosov\u00ebs dhe at\u00eb t\u00eb Republik\u00ebs s\u00eb Shqip\u00ebris\u00eb.<\/p>\n<p>Kompanit tona kan\u00eb materje t\u00eb ndryshme t\u00eb pun\u00ebs q\u00eb e kryejn, si shitje dhe distribuim t\u00eb podukteve kozmetike dhe t\u00eb kujdesit personal, dyqanet Maxi Supermarket p\u00ebr shitje me pikic\u00eb, shitjen dhe distribuimin e produkteve ushqimore, si dhe industria e prodhimit te duhanit n\u00eb Gjilan.<\/p>\n<p>Exclusive Group posedon depot t\u00eb m\u00ebdha me standarte t\u00eb larta moderne, dhe numron deri n\u00eb 100 automjete q\u00eb p\u00ebrdoren p\u00ebr mbulimin e nevojave biznesore n\u00eb treg, dhe p\u00ebr pun\u00ebt administrative.<\/p>\n<p>Exclusive Group tani posedon k\u00ebto kompani: Exclusive Kozmetika, Next Kosova, Next Albania, Exclusive Albania, McCroft Tobacco Kosova, dhe Maxi Supermarket.<br \/>\n<span style=\"color: #e02b20; font-weight: bold;\">Lexo m\u00eb shum\u00eb<\/span>[\/et_pb_cta][\/et_pb_column][\/et_pb_row][\/et_pb_section]<\/p>\n","protected":false},"excerpt":{"rendered":"<p>HISTORIAKush Jemi Ne Fole e kualitetit dhe e distribuimit t\u00eb brendeve bot\u00ebrore si: Schwarzkopf, Schauma, Palette,Syoss, Fa, Taft, Gliss, Vademecum, Prestige, e shum\u00eb brende t\u00eb tjera. Kompania Exclusive Group u themelua n\u00eb vitin 1989 n\u00eb Prishtin\u00eb, si nj\u00eb distributor i brendeve t\u00eb ndryshme. Fal\u00eb pun\u00ebs s\u00eb palodh\u00ebshme, Exclusive Group fiton partneritetin e kompanive me renome [&hellip;]<\/p>\n","protected":false},"author":1,"featured_media":0,"parent":0,"menu_order":0,"comment_status":"closed","ping_status":"closed","template":"page-template-blank.php","meta":{"_et_pb_use_builder":"on","_et_pb_old_content":"","_et_gb_content_width":"","footnotes":""},"class_list":["post-896","page","type-page","status-publish","hentry"],"_links":{"self":[{"href":"https:\/\/exclusive-team.com\/index.php\/wp-json\/wp\/v2\/pages\/896","targetHints":{"allow":["GET"]}}],"collection":[{"href":"https:\/\/exclusive-team.com\/index.php\/wp-json\/wp\/v2\/pages"}],"about":[{"href":"https:\/\/exclusive-team.com\/index.php\/wp-json\/wp\/v2\/types\/page"}],"author":[{"embeddable":true,"href":"https:\/\/exclusive-team.com\/index.php\/wp-json\/wp\/v2\/users\/1"}],"replies":[{"embeddable":true,"href":"https:\/\/exclusive-team.com\/index.php\/wp-json\/wp\/v2\/comments?post=896"}],"version-history":[{"count":30,"href":"https:\/\/exclusive-team.com\/index.php\/wp-json\/wp\/v2\/pages\/896\/revisions"}],"predecessor-version":[{"id":2618,"href":"https:\/\/exclusive-team.com\/index.php\/wp-json\/wp\/v2\/pages\/896\/revisions\/2618"}],"wp:attachment":[{"href":"https:\/\/exclusive-team.com\/index.php\/wp-json\/wp\/v2\/media?parent=896"}],"curies":[{"name":"wp","href":"https:\/\/api.w.org\/{rel}","templated":true}]}}